3 + 11*r**2 + 13*r + 35. Let p be n(-10). Let b(q) = 28*q + 0 + 3 - 3 + 5. Is b(p) prime?
False
Let d(b) = 26*b**2 + 5*b + 2. Suppose r + 1 = v + 13, 5*r - 3*v = 54. Is d(r) prime?
True
Let g = -62 - -61. Let p(u) = -3124*u + 2. Let a be p(g). Suppose 4*o + 4*b - a = 2*b, 0 = -5*o + 2*b + 3885. Is o composite?
True
Let p(b) = -b**3 + 22*b**2 - 55*b - 35. Let f be p(19). Let o(h) = 1281*h - 2. Is o(f) prime?
False
Let g be ((-6)/8 + 2)/(74/296). Suppose -g*m = -8 - 2, -104326 = -4*n - m. Is n prime?
False
Let o(t) be the first derivative of 15*t**3 + t**2 + 31*t - 86. Is o(-10) composite?
True
Suppose 3*r = 8*r - 2*p - 118, 0 = -5*r - 4*p + 124. Is 2970 - (r/(-4))/6 a composite number?
False
Let u(k) = 13*k - 42. Suppose 4*w - 9*w = -65. Is u(w) a prime number?
True
Suppose 0 = w + 2*t, 4*w - 4*t + 13 = 1. Is w/1*(1239672/(-16))/21 composite?
True
Suppose -5*o = 15 - 5. Let d be 1/(8/30) + o/(-8). Suppose 254 - 6426 = -d*m. Is m a prime number?
True
Suppose -2*m + 12 = -5*p, -7*m + 6 = -6*m - 4*p. Suppose -m*i - 1134 = -5244. Is i prime?
False
Let b(w) = 4398*w**2 + 22*w - 127. Is b(7) a prime number?
False
Let x(m) = 14*m + 4. Let l be x(2). Suppose 0 = -q - 2, -r + l + 31 = -4*q. Suppose 52*c = r*c - 795. Is c a composite number?
True
Let u = -4196 + 305215. Is u composite?
True
Let k = 32354 - -5907. Is k a prime number?
True
Let v(k) = -2*k - 10*k + 39*k**2 + 23*k + 17. Let t be v(-7). Suppose 5*g + 4*c + 82 = t, 0 = -5*g + c + 1764. Is g composite?
False
Suppose -3*t + 28012 = 5*c - 57466, -5*t + 142484 = -2*c. Suppose -19*x + 935841 = t. Is x prime?
False
Let x be 0*2/6 - (-14)/(-1). Let l(a) = -3*a**3 - 2*a**2 + 13*a - 19. Is l(x) prime?
True
Suppose 3*x + 21 = -0. Let h(w) = -5*w**3 + 10*w**2 + 19*w + 5. Is h(x) prime?
False
Let r(z) = -z**3 - z**3 - 722*z + 701*z - 12*z**2 - 31. Is r(-10) prime?
False
Let b(v) = -2384645*v**3 - 8*v**2 + 7*v + 7. Is b(-1) composite?
True
Suppose h + 5*k = 373, -h - k = h - 746. Suppose g + h - 1772 = 0. Is g a composite number?
False
Let k(z) = 2*z + 26. Let h be k(-7). Suppose 0 = 2*j - 0*j - h. Is 3500/j - 5/15 composite?
True
Is ((-612826)/228)/((-1)/6) prime?
True
Suppose 2*j = -a + 212521, -5*j = 2*a - 328498 - 202805. Is j a prime number?
True
Suppose 0 = 13*p + 143*p - 407284332. Is p prime?
False
Let f = -1460 + 2567. Let i = f - -542. Is i prime?
False
Let l = 11080 - 10553. Is l a prime number?
False
Let c = -4711 - -9313. Suppose -b - 1338 - 3249 = -2*p, 2*p - 4*b - c = 0. Is p composite?
True
Suppose 4*f = 3*i - 8229, 0 = -5*f + 4*i - i - 10284. Suppose 3*y + 3011 = -3*d - 1063, -y - 6774 = 5*d. Let o = d - f. Is o prime?
True
Suppose 8 = t + 6, 4*h - 767590 = -t. Is h a composite number?
True
Let f(y) = -y**3 + 13*y**2 + 14*y + 3. Let d be f(14). Suppose -5*v - 4*b - d = -8*v, -9 = 5*v - 2*b. Let m(k) = -38*k**3 + 3*k**2 + 5*k + 5. Is m(v) composite?
True
Let q(s) be the second derivative of s**6/720 + 191*s**5/120 + 5*s**4/3 - 25*s. Let z(u) be the third derivative of q(u). Is z(0) a composite number?
False
Let v = 54416 - 31947. Is v a composite number?
False
Suppose -49995 = -14*h + 71973. Suppose -a + 16285 = -h. Is a composite?
True
Suppose 4*k - 12186 = -2*u, 9*k - 6091 = 7*k + u. Let t = 7247 - k. Is t composite?
False
Let j = -23558 - -97201. Is j composite?
False
Let b = 12146 + -3489. Let t = 13918 - b. Is t prime?
True
Let b(h) = 137*h**2 - 44*h + 31. Is b(-12) composite?
False
Suppose -26*k = 7461 - 30055. Suppose k = 3*d + 2*y, -4*y = d - 57 - 216. Is d composite?
False
Let v = -103 + 103. Suppose 0 = -6*x - v*x + 246. Let d = 304 - x. Is d prime?
True
Let q(o) = 684*o**3 - 3*o**2 + 11*o - 111. Is q(7) composite?
False
Let k(x) = 136011*x**3 + 18*x**2 - 43*x + 23. Is k(1) prime?
False
Suppose -3*l - 4*g = -5*l - 4142, -4*l - 8244 = 2*g. Let f(o) = 993*o - 1. Let n be f(-1). Let c = n - l. Is c composite?
False
Let b(d) = -d**3 - 34*d**2 + 483*d - 133. Is b(-67) a prime number?
False
Let k(c) = -2*c**3 - 21*c**2 + 76*c + 12. Let w be k(10). Let a = 2341 - w. Is a composite?
False
Let j(m) = 10572*m - 749. Is j(6) prime?
True
Let o(c) = 4742*c**3 + 7*c**2 - c + 5. Is o(3) a composite number?
False
Let g(k) = -1398*k - 35. Let h(y) = -466*y - 11. Let i(v) = -6*g(v) + 17*h(v). Is i(6) a prime number?
True
Suppose -4*p = 4*j - 446564, -2*p = -14*j + 12*j - 223306. Is p a composite number?
True
Let p(t) = -13*t**3 - 10*t**2 + 58*t + 110. Is p(-13) a composite number?
False
Suppose 0 = q - 3*p, q + 2*p = -17 + 22. Suppose q*j = -2*c - 2*c + 487, 4*j + 3*c = 640. Is j a composite number?
False
Let o(a) = 418*a + 57. Let d be o(3). Let q = -410 + d. Is q prime?
False
Let x(d) = -195*d + 25 + 118*d - 107*d - 339*d. Is x(-6) composite?
False
Let l = 35297 - 14506. Is l prime?
False
Suppose -7*o + 60*o = 6699571. Is o a composite number?
True
Let o(d) = 5*d**2 + d + 3943. Let b = -248 - -248. Is o(b) a prime number?
True
Let n = -868 - -2898. Suppose z - 2*p - n = 2487, 3 = -p. Is z prime?
False
Let a(s) = 310*s**2 - 153*s**2 - 28 - 159*s**2 + 9*s - s**3. Is a(-15) a composite number?
True
Let r be (-1)/((-2)/42)*283. Suppose 8*f = 9*f + r. Let o = f - -8720. Is o prime?
True
Suppose 261*d - 1456747 = 244*d. Is d prime?
True
Let m(u) = u**2 - 23*u - 138. Let n be m(28). Suppose -559 = -5*z - n*o, -7*z + o + 116 = -6*z. Is z a prime number?
True
Suppose 1 = b, -4*r - 9 - 4 = 3*b. Is r + 2 + -14 + 974 composite?
True
Let s(i) = 216*i**2. Let q be s(1). Suppose 16*d = 7*d + q. Is 2/(-12) - ((-13516)/d + 6) a prime number?
True
Suppose 89 + 57 = 62*i + 22. Suppose 4*z = 7804 + 9936. Suppose -7*l + i*l + z = 0. Is l prime?
True
Let w(m) be the second derivative of 7*m**4/3 - 17*m**3/6 - m**2 - 21*m. Is w(-13) a prime number?
True
Let b be (3/9)/(2/(-60)). Is (4/b)/(18/(-88785)) composite?
False
Suppose -16*i - 3*i + 33012790 = -15650865. Is i a prime number?
False
Let x(c) = -86*c - 35. Let y be x(9). Suppose 0 = 4*f + 9 + 11. Is y*(f + 4)/((-1)/(-1)) composite?
False
Suppose 26*a = 21*a + 20. Suppose a*i + 5*g = 6093 + 558, -4*i = -2*g - 6686. Is i a prime number?
True
Let x(z) be the third derivative of 7*z**4/24 - z**3/6 + 3*z**2 + 136. Let f be (3 + -2)/(2/16). Is x(f) prime?
False
Let s = -24156 - -104455. Is s composite?
True
Let m(u) = 30*u + 1081. Let j be m(-36). Let n(r) = 212*r + 102*r - 3 + 26*r. Is n(j) composite?
False
Let x = -10426 - -17947. Let p = -1598 + x. Is p a composite number?
False
Suppose 4*h - 4*h + u = 0, u + 1220031 = 3*h. Is h prime?
False
Let y(j) = -13835*j - 470. Is y(-15) a prime number?
False
Suppose -3*q + 5*r = -6*q - 2573, 0 = -2*q + r - 1698. Let u = 5004 + q. Is u composite?
False
Let y be 3*(35/3 + -7). Suppose 7*w - 28749 = -y*w. Is w prime?
False
Suppose 3*s - 8*x - 94 = -13*x, -3*s = -4*x - 49. Is (-4)/46 - (-1324687)/s composite?
True
Let x(c) = -710*c**3 + 6*c**2 + 11*c + 4. Suppose 159 = -7*n + 152. Is x(n) a composite number?
False
Let i = -173 - -178. Suppose 4*h - 5*s - 1078 = 395, -i*s = 5. Is h composite?
False
Let p = 159 - 272. Let u = p - -118. Suppose 1214 = u*k - 5151. Is k a prime number?
False
Suppose n - 4*l - 316679 = 0, -3*n + 193372 = 5*l - 756631. Is n a prime number?
False
Let o(h) = -24839*h**3 + 3*h**2 - 6*h - 7. Suppose 5*b = 10, -7*y + 6*y = 4*b - 7. Is o(y) a prime number?
True
Suppose -7 = 2*t - 153. Suppose -4*f = t - 77. Is -11*f/((-3)/(-141))*-1 prime?
False
Let u = 448 + 253. Let k = u + 52. Is k a prime number?
False
Suppose -5*h - 79303 = -28*d + 26*d, 5*d + 3*h = 198304. Is d a prime number?
True
Let j = 80387 + -47130. Is j a prime number?
False
Let z = 6949 + -17053. Let v = -6227 - z. Is v prime?
True
Let i be -2*(2 + 1/(6/(-9))). Is 149166/54*(4 + i) a composite number?
False
Let d(w) = w**2 + 21*w - 21. Let b(r) = -2*r**2 + 21*r + 14. Let k be b(11). Suppose -2*i + n = -44, 3*i - 26 = k*n + 37. Is d(i) composite?
False
Let v(c) = -2*c + 1. Let y be v(-5). Let r(f) = 135*f**2 - 21*f + 197. Is r(y) a composite number?
False
Suppose 0 = -3*z + 6, 5*m - z + 2*z = 48552. Suppose 2*t + m - 41996 = 0. Is t a prime number?
False
Is 4 - (-58)/(-15) - 9579987/(-135) prime?
False
Let y(d) = 2*d**2 - 18*d + 29. Let u be y(7). Is (12 - (-300)/(-24))/(u/(-89038)) prime?
True
Suppose -5*o + 32518 = 4*y - 28459, 3*y = 3*o -